{"id":20,"date":"2019-11-02T18:10:44","date_gmt":"2019-11-02T17:10:44","guid":{"rendered":"http:\/\/wls.strony.uw.edu.pl\/?page_id=20"},"modified":"2022-11-15T01:08:16","modified_gmt":"2022-11-15T00:08:16","slug":"sklad","status":"publish","type":"page","link":"http:\/\/wls.strony.uw.edu.pl\/en\/rada-wydzialu\/sklad\/","title":{"rendered":"Sk\u0142ad"},"content":{"rendered":"<h4 class=\"tekst_bold\">Sk\u0142ad Rady Wydzia\u0142u<\/h4>\n<ol>\n<li>Prof. dr hab. Mika\u0142aj CHAUSTOWICZ<\/li>\n<li>Prof. dr hab. Sambor GRUCZA<\/li>\n<li>Prof. dr hab. Ludmi\u0142a \u0141UCEWICZ<\/li>\n<li>Prof. dr hab. Olena PETRASHCHUK<\/li>\n<li>Prof. dr hab. Viachaslau SHVED<\/li>\n<li>Prof. dr hab. Walentyna SOBOL<\/li>\n<li>Prof. dr hab. Ma\u0142gorzata TRYUK<\/li>\n<li>Prof. dr hab. Anna TYLUSI\u0143SKA-KOWALSKA<\/li>\n<li>Prof. dr hab. Dorota URBANEK<\/li>\n<li>Prof. dr hab. Aleksander WIRPSZA<\/li>\n<li>Prof. dr hab. Gennadiy ZELDOVYCH<\/li>\n<li>Prof. dr hab. Ewa \u017bEBROWSKA<\/li>\n<li>Dr hab. Silvia BONACCHI, prof. UW<\/li>\n<li>Dr hab. Adam ELBANOWSKI, prof. UW<\/li>\n<li>Dr hab. Ma\u0142gorzata GASZY\u0143SKA-MAGIERA, prof. UW<\/li>\n<li>Dr hab. Krzysztof HEJWOWSKI, prof. UW<\/li>\n<li>Dr hab. El\u017cbieta JAMROZIK, prof. UW<\/li>\n<li>Dr hab. Justyna ALNAJJAR<\/li>\n<li>Dr hab. Agnieszka ANDRYCHOWICZ-TROJANOWSKA<\/li>\n<li>Dr hab. \u0141ucja BIEL<\/li>\n<li>Dr hab. Anna BOROWSKA<\/li>\n<li>Dr hab. Magdalena D\u0104BROWSKA<\/li>\n<li>Dr hab. Volodymyr DUBICHYNSKYI<\/li>\n<li>Dr hab. Markus EBERHARTER<\/li>\n<li>Dr hab. Krzysztof FORDO\u0143SKI<\/li>\n<li>Dr hab. El\u017cbieta GAJEK<\/li>\n<li>Dr hab. Joanna GETKA<\/li>\n<li>Dr hab. Ewa GRUSZCZY\u0143SKA<\/li>\n<li>Dr hab. Jerzy GRZYBOWSKI<\/li>\n<li>Dr hab. Ma\u0142gorzata GU\u0141AWSKA-GAWKOWSKA<\/li>\n<li>Dr hab. Rados\u0142aw KALETA<\/li>\n<li>Dr hab. Marta KALISKA<\/li>\n<li>Dr hab. Iryna KONONENKO<\/li>\n<li>Dr hab. Iwona KRYCKA-MICHNOWSKA<\/li>\n<li>Dr hab. Magdalena LATKOWSKA<\/li>\n<li>Dr hab. Tomasz \u0141YSAK<\/li>\n<li>Dr hab. Gra\u017cyna MA\u0143KOWSKA<\/li>\n<li>Dr hab. Janina MO\u0141CZANOW<\/li>\n<li>Dr hab. Andriej MOSKWIN<\/li>\n<li>Dr hab. Irena MYTNIK<\/li>\n<li>Dr hab. Magdalena OLPI\u0143SKA &#8211; SZKIE\u0141KO<\/li>\n<li>Dr hab. Joanna OSIEJEWICZ<\/li>\n<li>Dr hab. Micha\u0142 PARADOWSKI<\/li>\n<li>Dr hab. Grzegorz PAW\u0141OWSKI<\/li>\n<li>Dr hab. Jaroslaw PIETROW<\/li>\n<li>Dr hab. Monika P\u0141U\u017bYCZKA<\/li>\n<li>Dr hab. Dario PROLA<\/li>\n<li>Dr hab. Svitlana ROMANIUK<\/li>\n<li>Dr hab. Boris SCHWENCKE<\/li>\n<li>Dr hab. Lidia STEFANOWSKA<\/li>\n<li>Dr hab. Agnieszka SZARKOWSKA<\/li>\n<li>Dr hab. Pawe\u0142 SZERSZE\u0143<\/li>\n<li>Dr hab. Ludmi\u0142a SZYPIELEWICZ<\/li>\n<li>Dr hab. Urszula TOPCZEWSKA<\/li>\n<li>Dr hab. Piotr TWARDZISZ<\/li>\n<li>Dr hab. Bernadetta W\u00d3JTOWICZ &#8211; HUBER<\/li>\n<li>Dr hab. Monika ZIELI\u0143SKA<\/li>\n<li>Dr Monika BA\u0141AGA-RUBAJ<\/li>\n<li>Dr Katarzyna DROZD<\/li>\n<li>Dr Tomasz KONIK<\/li>\n<li>Dr Magdalena KURATCZYK<\/li>\n<li>Dr Dorota MUSZY\u0143SKA &#8211; WOLNY<\/li>\n<li>Dr Paulina OLECHOWSKA<\/li>\n<li>Dr Dorota PIEKARSKA-WINKLER<\/li>\n<li>Dr Piotr PODEMSKI<\/li>\n<li>Dr Julia ROGUSKA<\/li>\n<li>Mgr Jadwiga GRYCZY\u0143SKA-\u015aWIERCZAK<\/li>\n<li>Mgr Miros\u0142awa SOSI\u0143SKA<\/li>\n<li>Ewa GOLUBI\u0143SKA<\/li>\n<li>Krzysztof \u0141APIAK (NSZZ Solidarno\u015b\u0107)<\/li>\n<li>Mgr Anna SIWIRSKA<\/li>\n<li>Gabriela FLIS (przedst. stud. ILS)<\/li>\n<li>Tomasz MICHALIK (przedst. stud. ILS)<\/li>\n<li>Joanna \u015aWI\u0104TEK (przedst. stud. ILS)<\/li>\n<li>Mi\u0142osz MAJEWSKI (przedst. stud. IKSI)<\/li>\n<li>Mateusz TREBLI\u0143SKI (przedst. stud. IKSI)<\/li>\n<li>Magdalena G\u00d3RKA (przedst. stud. IKSI)<\/li>\n<li>\u0141ukasz CISZEWSKI (przedst. stud. IR)<\/li>\n<li>Mateusz W\u0104SOWSKI (przedst. stud. IR)<\/li>\n<li>Zuzanna TOMASZEK (przedst. stud. KB)<\/li>\n<li>Jan WIECZOREK (przedst. stud. KB)<\/li>\n<li>Rafa\u0142 JASTRZ\u0118BSKI (przedst. stud. KSI)<\/li>\n<li>Seweryn SIKORSKI (przedst. stud. KSI)<\/li>\n<li>Maryana NAZAREVICH (przedst. stud. KU)<\/li>\n<li>Weronika PAZDEJ (przedst. stud. KU)<\/li>\n<li>Dr Patrycja SPYTEK (przedst. ZNP)<\/li>\n<\/ol>","protected":false},"excerpt":{"rendered":"<p>Sk\u0142ad Rady Wydzia\u0142u Prof. dr hab. Mika\u0142aj CHAUSTOWICZ Prof. dr hab. Sambor GRUCZA Prof. dr hab. Ludmi\u0142a \u0141UCEWICZ Prof. dr hab. Olena PETRASHCHUK Prof. dr hab. Viachaslau SHVED Prof. dr [&hellip;]<\/p>\n","protected":false},"author":872,"featured_media":0,"parent":18,"menu_order":1,"comment_status":"closed","ping_status":"closed","template":"","meta":{"footnotes":"","_links_to":"","_links_to_target":""},"class_list":["post-20","page","type-page","status-publish","hentry","post-container","clearfix"],"acf":[],"_links":{"self":[{"href":"http:\/\/wls.strony.uw.edu.pl\/en\/wp-json\/wp\/v2\/pages\/20","targetHints":{"allow":["GET"]}}],"collection":[{"href":"http:\/\/wls.strony.uw.edu.pl\/en\/wp-json\/wp\/v2\/pages"}],"about":[{"href":"http:\/\/wls.strony.uw.edu.pl\/en\/wp-json\/wp\/v2\/types\/page"}],"author":[{"embeddable":true,"href":"http:\/\/wls.strony.uw.edu.pl\/en\/wp-json\/wp\/v2\/users\/872"}],"replies":[{"embeddable":true,"href":"http:\/\/wls.strony.uw.edu.pl\/en\/wp-json\/wp\/v2\/comments?post=20"}],"version-history":[{"count":11,"href":"http:\/\/wls.strony.uw.edu.pl\/en\/wp-json\/wp\/v2\/pages\/20\/revisions"}],"predecessor-version":[{"id":2709,"href":"http:\/\/wls.strony.uw.edu.pl\/en\/wp-json\/wp\/v2\/pages\/20\/revisions\/2709"}],"up":[{"embeddable":true,"href":"http:\/\/wls.strony.uw.edu.pl\/en\/wp-json\/wp\/v2\/pages\/18"}],"wp:attachment":[{"href":"http:\/\/wls.strony.uw.edu.pl\/en\/wp-json\/wp\/v2\/media?parent=20"}],"curies":[{"name":"wp","href":"https:\/\/api.w.org\/{rel}","templated":true}]}}

Skład

<h4 class="tekst_bold">Skład Rady Wydziału</h4>
<ol>
<li>Prof. dr hab. Mikałaj CHAUSTOWICZ</li>
<li>Prof. dr hab. Sambor GRUCZA</li>
<li>Prof. dr hab. Ludmiła ŁUCEWICZ</li>
<li>Prof. dr hab. Olena PETRASHCHUK</li>
<li>Prof. dr hab. Viachaslau SHVED</li>
<li>Prof. dr hab. Walentyna SOBOL</li>
<li>Prof. dr hab. Małgorzata TRYUK</li>
<li>Prof. dr hab. Anna TYLUSIŃSKA-KOWALSKA</li>
<li>Prof. dr hab. Dorota URBANEK</li>
<li>Prof. dr hab. Aleksander WIRPSZA</li>
<li>Prof. dr hab. Gennadiy ZELDOVYCH</li>
<li>Prof. dr hab. Ewa ŻEBROWSKA</li>
<li>Dr hab. Silvia BONACCHI, prof. UW</li>
<li>Dr hab. Adam ELBANOWSKI, prof. UW</li>
<li>Dr hab. Małgorzata GASZYŃSKA-MAGIERA, prof. UW</li>
<li>Dr hab. Krzysztof HEJWOWSKI, prof. UW</li>
<li>Dr hab. Elżbieta JAMROZIK, prof. UW</li>
<li>Dr hab. Justyna ALNAJJAR</li>
<li>Dr hab. Agnieszka ANDRYCHOWICZ-TROJANOWSKA</li>
<li>Dr hab. Łucja BIEL</li>
<li>Dr hab. Anna BOROWSKA</li>
<li>Dr hab. Magdalena DĄBROWSKA</li>
<li>Dr hab. Volodymyr DUBICHYNSKYI</li>
<li>Dr hab. Markus EBERHARTER</li>
<li>Dr hab. Krzysztof FORDOŃSKI</li>
<li>Dr hab. Elżbieta GAJEK</li>
<li>Dr hab. Joanna GETKA</li>
<li>Dr hab. Ewa GRUSZCZYŃSKA</li>
<li>Dr hab. Jerzy GRZYBOWSKI</li>
<li>Dr hab. Małgorzata GUŁAWSKA-GAWKOWSKA</li>
<li>Dr hab. Radosław KALETA</li>
<li>Dr hab. Marta KALISKA</li>
<li>Dr hab. Iryna KONONENKO</li>
<li>Dr hab. Iwona KRYCKA-MICHNOWSKA</li>
<li>Dr hab. Magdalena LATKOWSKA</li>
<li>Dr hab. Tomasz ŁYSAK</li>
<li>Dr hab. Grażyna MAŃKOWSKA</li>
<li>Dr hab. Janina MOŁCZANOW</li>
<li>Dr hab. Andriej MOSKWIN</li>
<li>Dr hab. Irena MYTNIK</li>
<li>Dr hab. Magdalena OLPIŃSKA &#8211; SZKIEŁKO</li>
<li>Dr hab. Joanna OSIEJEWICZ</li>
<li>Dr hab. Michał PARADOWSKI</li>
<li>Dr hab. Grzegorz PAWŁOWSKI</li>
<li>Dr hab. Jaroslaw PIETROW</li>
<li>Dr hab. Monika PŁUŻYCZKA</li>
<li>Dr hab. Dario PROLA</li>
<li>Dr hab. Svitlana ROMANIUK</li>
<li>Dr hab. Boris SCHWENCKE</li>
<li>Dr hab. Lidia STEFANOWSKA</li>
<li>Dr hab. Agnieszka SZARKOWSKA</li>
<li>Dr hab. Paweł SZERSZEŃ</li>
<li>Dr hab. Ludmiła SZYPIELEWICZ</li>
<li>Dr hab. Urszula TOPCZEWSKA</li>
<li>Dr hab. Piotr TWARDZISZ</li>
<li>Dr hab. Bernadetta WÓJTOWICZ &#8211; HUBER</li>
<li>Dr hab. Monika ZIELIŃSKA</li>
<li>Dr Monika BAŁAGA-RUBAJ</li>
<li>Dr Katarzyna DROZD</li>
<li>Dr Tomasz KONIK</li>
<li>Dr Magdalena KURATCZYK</li>
<li>Dr Dorota MUSZYŃSKA &#8211; WOLNY</li>
<li>Dr Paulina OLECHOWSKA</li>
<li>Dr Dorota PIEKARSKA-WINKLER</li>
<li>Dr Piotr PODEMSKI</li>
<li>Dr Julia ROGUSKA</li>
<li>Mgr Jadwiga GRYCZYŃSKA-ŚWIERCZAK</li>
<li>Mgr Mirosława SOSIŃSKA</li>
<li>Ewa GOLUBIŃSKA</li>
<li>Krzysztof ŁAPIAK (NSZZ Solidarność)</li>
<li>Mgr Anna SIWIRSKA</li>
<li>Gabriela FLIS (przedst. stud. ILS)</li>
<li>Tomasz MICHALIK (przedst. stud. ILS)</li>
<li>Joanna ŚWIĄTEK (przedst. stud. ILS)</li>
<li>Miłosz MAJEWSKI (przedst. stud. IKSI)</li>
<li>Mateusz TREBLIŃSKI (przedst. stud. IKSI)</li>
<li>Magdalena GÓRKA (przedst. stud. IKSI)</li>
<li>Łukasz CISZEWSKI (przedst. stud. IR)</li>
<li>Mateusz WĄSOWSKI (przedst. stud. IR)</li>
<li>Zuzanna TOMASZEK (przedst. stud. KB)</li>
<li>Jan WIECZOREK (przedst. stud. KB)</li>
<li>Rafał JASTRZĘBSKI (przedst. stud. KSI)</li>
<li>Seweryn SIKORSKI (przedst. stud. KSI)</li>
<li>Maryana NAZAREVICH (przedst. stud. KU)</li>
<li>Weronika PAZDEJ (przedst. stud. KU)</li>
<li>Dr Patrycja SPYTEK (przedst. ZNP)</li>
</ol>

<p>Skład Rady Wydziału Prof. dr hab. Mikałaj CHAUSTOWICZ Prof. dr hab. Sambor GRUCZA Prof. dr hab. Ludmiła ŁUCEWICZ Prof. dr hab. Olena PETRASHCHUK Prof. dr hab. Viachaslau SHVED Prof. dr [&hellip;]</p>
