{"id":26,"date":"2019-11-02T18:12:20","date_gmt":"2019-11-02T17:12:20","guid":{"rendered":"http:\/\/wls.strony.uw.edu.pl\/?page_id=26"},"modified":"2019-11-03T10:38:30","modified_gmt":"2019-11-03T09:38:30","slug":"ogloszenia","status":"publish","type":"page","link":"http:\/\/wls.strony.uw.edu.pl\/en\/komisje-wydzialowe\/ogloszenia\/","title":{"rendered":"Og\u0142oszenia"},"content":{"rendered":"<p class=\"tekst_zwykly\"><b>Komisjka Konkursowa w dniu 15.09.2015 r. rozstrzygne\u0142a w drodze konkursu zatrudnieniowego nast\u0119puj\u0105ce kandydatury:<\/b><\/p>\n<p class=\"tekst_zwykly\">&#8211; w Instutucie Lingwistyki Stosowanej na stanowisku profesora zwyczajnego pana prof. dr hab. Wieczys\u0142awa Nowikowa &#8211; umowa o prac\u0119 w wymiarze pe\u0142nego etatu od 01.12.2015 r. do 30.09.2017 r.;<\/p>\n<p class=\"tekst_zwykly\">&#8211; w Instutucie Lingwistyki Stosowanej na stanowisku profesora zwyczajnego pani prof. dr hab. Ma\u0142gorzaty Tryuk &#8211; umowa o prac\u0119 w wymiarze pe\u0142nego etatu od 01.01.2016 r. na czas nieokre\u015blony;<\/p>\n<p class=\"tekst_zwykly\">&#8211; w Instutucie Lingwistyki Stosowanej na stanowisku adiunkta pani dr Aleksandry Kalaty-Zaw\u0142ockiej &#8211; umowa o prac\u0119 w wymiarze pe\u0142nego etatu od 01.10.2015 r. do 30.09.2020 r.;<\/p>\n<p class=\"tekst_zwykly\">&#8211; w Instutucie Lingwistyki Stosowanej na stanowisku wyk\u0142adowcy pana mgr. Simona-Petera von Kleista &#8211; umowa o prac\u0119 w wymiarze pe\u0142nego etatu od 01.10.2015 r. do 30.09.2018 r.;<\/p>\n<p class=\"tekst_zwykly\">&#8211; na Wydziale Lingwistyki Stosowanej na stanowisku starszego wyk\u0142adowcy pani dr Jadwigi Gracli &#8211; umowa o prac\u0119 w wymiarze pe\u0142nego etatu od 01.10.2015 r. do 30.09.2016 r.<\/p>\n<p class=\"tekst_zwykly\">&#8211; w Instutucie Komunikacji Specjalistycznej i Interkulturowej na stanowisku adiunkta pani dr Weroniki Szemi\u0144skiej &#8211; umowa o prac\u0119 w wymiarze pe\u0142nego etatu od 01.10.2015 r. do 30.09.2019 r.<\/p>\n<p class=\"tekst_zwykly\">&#8211; w Instutucie Rusycystyki na stanowisku adiunkta pani dr Olgi Jakubiak &#8211; umowa o prac\u0119 w wymiarze pe\u0142nego etatu od 01.10.2015 r. do 30.09.2017 r.<\/p>\n","protected":false},"excerpt":{"rendered":"<p>Komisjka Konkursowa w dniu 15.09.2015 r. rozstrzygne\u0142a w drodze konkursu zatrudnieniowego nast\u0119puj\u0105ce kandydatury: &#8211; w Instutucie Lingwistyki Stosowanej na stanowisku profesora zwyczajnego pana prof. dr hab. Wieczys\u0142awa Nowikowa &#8211; umowa [&hellip;]<\/p>\n","protected":false},"author":872,"featured_media":0,"parent":24,"menu_order":1,"comment_status":"closed","ping_status":"closed","template":"","meta":{"footnotes":"","_links_to":"","_links_to_target":""},"class_list":["post-26","page","type-page","status-publish","hentry","post-container","clearfix"],"acf":[],"_links":{"self":[{"href":"http:\/\/wls.strony.uw.edu.pl\/en\/wp-json\/wp\/v2\/pages\/26","targetHints":{"allow":["GET"]}}],"collection":[{"href":"http:\/\/wls.strony.uw.edu.pl\/en\/wp-json\/wp\/v2\/pages"}],"about":[{"href":"http:\/\/wls.strony.uw.edu.pl\/en\/wp-json\/wp\/v2\/types\/page"}],"author":[{"embeddable":true,"href":"http:\/\/wls.strony.uw.edu.pl\/en\/wp-json\/wp\/v2\/users\/872"}],"replies":[{"embeddable":true,"href":"http:\/\/wls.strony.uw.edu.pl\/en\/wp-json\/wp\/v2\/comments?post=26"}],"version-history":[{"count":2,"href":"http:\/\/wls.strony.uw.edu.pl\/en\/wp-json\/wp\/v2\/pages\/26\/revisions"}],"predecessor-version":[{"id":395,"href":"http:\/\/wls.strony.uw.edu.pl\/en\/wp-json\/wp\/v2\/pages\/26\/revisions\/395"}],"up":[{"embeddable":true,"href":"http:\/\/wls.strony.uw.edu.pl\/en\/wp-json\/wp\/v2\/pages\/24"}],"wp:attachment":[{"href":"http:\/\/wls.strony.uw.edu.pl\/en\/wp-json\/wp\/v2\/media?parent=26"}],"curies":[{"name":"wp","href":"https:\/\/api.w.org\/{rel}","templated":true}]}}

Ogłoszenia

<p class="tekst_zwykly"><b>Komisjka Konkursowa w dniu 15.09.2015 r. rozstrzygneła w drodze konkursu zatrudnieniowego następujące kandydatury:</b></p>
<p class="tekst_zwykly">&#8211; w Instutucie Lingwistyki Stosowanej na stanowisku profesora zwyczajnego pana prof. dr hab. Wieczysława Nowikowa &#8211; umowa o pracę w wymiarze pełnego etatu od 01.12.2015 r. do 30.09.2017 r.;</p>
<p class="tekst_zwykly">&#8211; w Instutucie Lingwistyki Stosowanej na stanowisku profesora zwyczajnego pani prof. dr hab. Małgorzaty Tryuk &#8211; umowa o pracę w wymiarze pełnego etatu od 01.01.2016 r. na czas nieokreślony;</p>
<p class="tekst_zwykly">&#8211; w Instutucie Lingwistyki Stosowanej na stanowisku adiunkta pani dr Aleksandry Kalaty-Zawłockiej &#8211; umowa o pracę w wymiarze pełnego etatu od 01.10.2015 r. do 30.09.2020 r.;</p>
<p class="tekst_zwykly">&#8211; w Instutucie Lingwistyki Stosowanej na stanowisku wykładowcy pana mgr. Simona-Petera von Kleista &#8211; umowa o pracę w wymiarze pełnego etatu od 01.10.2015 r. do 30.09.2018 r.;</p>
<p class="tekst_zwykly">&#8211; na Wydziale Lingwistyki Stosowanej na stanowisku starszego wykładowcy pani dr Jadwigi Gracli &#8211; umowa o pracę w wymiarze pełnego etatu od 01.10.2015 r. do 30.09.2016 r.</p>
<p class="tekst_zwykly">&#8211; w Instutucie Komunikacji Specjalistycznej i Interkulturowej na stanowisku adiunkta pani dr Weroniki Szemińskiej &#8211; umowa o pracę w wymiarze pełnego etatu od 01.10.2015 r. do 30.09.2019 r.</p>
<p class="tekst_zwykly">&#8211; w Instutucie Rusycystyki na stanowisku adiunkta pani dr Olgi Jakubiak &#8211; umowa o pracę w wymiarze pełnego etatu od 01.10.2015 r. do 30.09.2017 r.</p>

<p>Komisjka Konkursowa w dniu 15.09.2015 r. rozstrzygneła w drodze konkursu zatrudnieniowego następujące kandydatury: &#8211; w Instutucie Lingwistyki Stosowanej na stanowisku profesora zwyczajnego pana prof. dr hab. Wieczysława Nowikowa &#8211; umowa [&hellip;]</p>
